at is the remainder when 1072057 is divided by 21441?
7
Calculate the remainder when 180049286 is divided by 1433.
1
What is the remainder when 13335655 is divided by 578?
39
What is the remainder when 2771468 is divided by 1385668?
132
What is the remainder when 2372871 is divided by 76?
75
What is the remainder when 121219140 is divided by 31?
26
Calculate the remainder when 257492724 is divided by 184715.
14
What is the remainder when 463229 is divided by 228?
161
What is the remainder when 113942218 is divided by 652?
2
What is the remainder when 1391257 is divided by 123?
4
Calculate the remainder when 4973071 is divided by 23794.
125
Calculate the remainder when 80578751 is divided by 427.
8
Calculate the remainder when 218562634 is divided by 27320328.
10
What is the remainder when 767142 is divided by 721?
719
What is the remainder when 113403 is divided by 28166?
739
What is the remainder when 12501069 is divided by 431071?
10
What is the remainder when 669427939 is divided by 13?
11
What is the remainder when 3035303 is divided by 48179?
26
Calculate the remainder when 1808799 is divided by 16295.
54
Calculate the remainder when 1020839 is divided by 901.
6
What is the remainder when 310931 is divided by 827?
806
Calculate the remainder when 17280 is divided by 1240.
1160
Calculate the remainder when 10842433 is divided by 3614072.
217
What is the remainder when 6622591 is divided by 946083?
10
What is the remainder when 71778 is divided by 4763?
333
Calculate the remainder when 3444200 is divided by 3443831.
369
Calculate the remainder when 31140 is divided by 7343.
1768
Calculate the remainder when 10091156 is divided by 2124.
32
Calculate the remainder when 908980 is divided by 50.
30
What is the remainder when 23576132 is divided by 11788065?
2
Calculate the remainder when 4553439 is divided by 413948.
11
Calculate the remainder when 6827 is divided by 2247.
86
Calculate the remainder when 23126 is divided by 66.
26
What is the remainder when 7206305 is divided by 81?
59
Calculate the remainder when 28691 is divided by 25.
16
Calculate the remainder when 368800 is divided by 28129.
3123
Calculate the remainder when 9879400 is divided by 265.
200
What is the remainder when 3978807 is divided by 18?
15
What is the remainder when 350465982 is divided by 352?
350
What is the remainder when 47486 is divided by 2376?
2342
What is the remainder when 68412 is divided by 7580?
192
What is the remainder when 18114164 is divided by 32?
20
What is the remainder when 688374 is divided by 688370?
4
What is the remainder when 451609 is divided by 811?
693
What is the remainder when 95753 is divided by 7927?
629
What is the remainder when 44533847 is divided by 25?
22
What is the remainder when 249913 is divided by 1050?
13
What is the remainder when 402864 is divided by 126?
42
Calculate the remainder when 22372 is divided by 7405.
157
Calculate the remainder when 7386202 is divided by 798.
712
Calculate the remainder when 2972925 is divided by 3136.
3133
What is the remainder when 2263672 is divided by 234?
190
What is the remainder when 108385 is divided by 21545?
660
What is the remainder when 179943 is divided by 25371?
2346
What is the remainder when 2032767 is divided by 184780?
187
What is the remainder when 387293 is divided by 394?
385
Calculate the remainder when 5817360 is divided by 949.
939
What is the remainder when 15218405 is divided by 5072785?
50
Calculate the remainder when 253293 is divided by 16667.
3288
What is the remainder when 1672359 is divided by 4113?
2481
What is the remainder when 16207680 is divided by 17617?
40
What is the remainder when 217135 is divided by 2108?
11
Calculate the remainder when 7990435 is divided by 3995211.
13
What is the remainder when 24601767 is divided by 8200562?
81
Calculate the remainder when 6557200 is divided by 478.
474
What is the remainder when 10527282 is divided by 181?
141
Calculate the remainder when 12087823 is divided by 15537.
37
What is the remainder when 94895839 is divided by 559?
558
Calculate the remainder when 2259 is divided by 2026.
233
What is the remainder when 11224 is divided by 1348?
440
What is the remainder when 403363 is divided by 21229?
12
What is the remainder when 6166058 is divided by 1984?
1770
Calculate the remainder when 233558 is divided by 356.
22
Calculate the remainder when 477304 is divided by 9.
7
What is the remainder when 11206 is divided by 12?
10
What is the remainder when 254497744 is divided by 130?
124
What is the remainder when 195581 is divided by 532?
337
Calculate the remainder when 34030 is divided by 1246.
388
What is the remainder when 1527 is divided by 28?
15
Calculate the remainder when 104420 is divided by 520.
420
Calculate the remainder when 16195119 is divided by 12732.
15
What is the remainder when 3320660 is divided by 1942?
1782
What is the remainder when 1595659 is divided by 3166?
3161
What is the remainder when 507205 is divided by 7558?
819
What is the remainder when 5602751 is divided by 41?
19
What is the remainder when 3556643 is divided by 1013?
0
What is the remainder when 30539431 is divided by 13519?
10
What is the remainder when 124939617 is divided by 41?
30
Calculate the remainder when 997255 is divided by 819.
532
Calculate the remainder when 49323651 is divided by 129.
114
Calculate the remainder when 1081857 is divided by 1258.
1235
Calculate the remainder when 429886 is divided by 617.
454
Calculate the remainder when 16283086 is divided by 495.
61
Calculate the remainder when 512825764 is divided by 637.
633
What is the remainder when 577276503 is divided by 16?
7
What is the remainder when 940152 is divided by 6665?
387
Calculate the remainder when 1916384 is divided by 383272.
24
Calculate the remainder when 62130068 is divided by 2230.
38
What is the remainder when 63095072 is divided by 84?
68
Calculate the remainder when 1601873 is divided by 169.
91
Calculate the remainder when 106980 is divided by 35625.
105
What is the remainder when 1375465 is divided by 1784?
1
Calculate the remainder when 5092072 is divided by 1418.
34
What is the remainder when 2874694 is divided by 323?
317
Calculate the remainder when 1361803 is divided by 8353.
264
Calculate the remainder when 2528605 is divided by 898.
735
Calculate the remainder when 697215 is divided by 21778.
319
What is the remainder when 7583081 is divided by 284?
281
What is the remainder when 76637104 is divided by 854?
852
What is the remainder when 35595801 is divided by 101?
68
What is the remainder when 26996365 is divided by 2039?
5
Calculate the remainder when 438594 is divided by 6853.
2
What is the remainder when 202794 is divided by 33769?
180
What is the remainder when 56575468 is divided by 15?
13
What is the remainder when 4269632 is divided by 129?
119
What is the remainder when 3971299 is divided by 46720?
99
What is the remainder when 7450 is divided by 1356?
670
Calculate the remainder when 14195456 is divided by 333.
332
Calculate the remainder when 1950292 is divided by 487546.
108
Calculate the remainder when 3288564 is divided by 52.
32
What is the remainder when 170946 is divided by 3000?
2946
Calculate the remainder when 2183269 is divided by 51.
10
Calculate the remainder when 158820 is divided by 291.
225
What is the remainder when 279494 is divided by 55888?
54
What is the remainder when 852318 is divided by 2939?
8
What is the remainder when 79382 is divided by 3463?
3196
What is the remainder when 1945341 is divided by 5574?
15
Calculate the remainder when 170055951 is divided by 49.
30
What is the remainder when 1354154 is divided by 2177?
60
Calculate the remainder when 12711939 is divided by 149.
4
Calculate the remainder when 71596 is divided by 14303.
81
What is the remainder when 16798247 is divided by 33?
26
Calculate the remainder when 13430686 is divided by 55.
16
What is the remainder when 3327792 is divided by 1183?
13
What is the remainder when 5523187 is divided by 44?
43
What is the remainder when 4852105 is divided by 1469?
1467
Calculate the remainder when 1003337 is divided by 143047.
2008
Calculate the remainder when 306670 is divided by 447.
28
Calculate the remainder when 686907 is divided by 3434